{"id":205,"date":"2019-10-25T15:18:00","date_gmt":"2019-10-25T15:18:00","guid":{"rendered":"http:\/\/familie-frantz.de\/?page_id=205"},"modified":"2022-03-14T18:35:46","modified_gmt":"2022-03-14T18:35:46","slug":"wohnwagen-und-campen","status":"publish","type":"page","link":"http:\/\/familie-frantz.de\/?page_id=205","title":{"rendered":"Wohnwagen und Campen"},"content":{"rendered":"\n<p>campen ist mit Kindern einfach toll. christian ist eher der Zelter und einfacher unterwegs. aber er konnte die Familie mit einem b\u00fcrstner averso davon \u00fcberzeugen das auch sie Camping toll finden. und so sind einige <a href=\"http:\/\/familie-frantz.de\/?page_id=445\" data-type=\"page\" data-id=\"445\">tolle Tage Camping<\/a> bereits passiert&#8230;. . <\/p>\n\n\n\n<figure class=\"wp-block-image\"><img loading=\"lazy\" width=\"1024\" height=\"768\" src=\"http:\/\/familie-frantz.de\/wp-content\/uploads\/2019\/08\/IMG_2426-1024x768.jpeg\" alt=\"\" class=\"wp-image-32\" srcset=\"http:\/\/familie-frantz.de\/wp-content\/uploads\/2019\/08\/IMG_2426-1024x768.jpeg 1024w, http:\/\/familie-frantz.de\/wp-content\/uploads\/2019\/08\/IMG_2426-300x225.jpeg 300w, http:\/\/familie-frantz.de\/wp-content\/uploads\/2019\/08\/IMG_2426-768x576.jpeg 768w\" sizes=\"(max-width: 767px) 89vw, (max-width: 1000px) 54vw, (max-width: 1071px) 543px, 580px\" \/><\/figure>\n\n\n\n<p>&#8230;.<\/p>\n\n\n\n<p>und so kann man einige Kilometer im Jahr fahren. <a href=\"http:\/\/familie-frantz.de\/?page_id=454\" data-type=\"page\" data-id=\"454\">Wo trifft man uns so?<\/a> Haupts\u00e4chlich in Deutschland und angrenzenden L\u00e4ndern. Wir fahren sehr gerne in die Niederlande aber auch ins Bayrische. Neuerdings haben wir auch die Zinnen f\u00fcr uns entdeckt und wenn es den Nachwuchs rei\u00dft fahren wir auch mal wieder einen Freizeitpark an&#8230;. .<\/p>\n\n\n\n<p><\/p>\n\n\n\n<p><\/p>\n","protected":false},"excerpt":{"rendered":"<p>campen ist mit Kindern einfach toll. christian ist eher der Zelter und einfacher unterwegs. aber er konnte die Familie mit einem b\u00fcrstner averso davon \u00fcberzeugen das auch sie Camping toll finden. und so sind einige tolle Tage Camping bereits passiert&#8230;. . &#8230;. und so kann man einige Kilometer im Jahr fahren. Wo trifft man uns &hellip; <\/p>\n<p class=\"link-more\"><a href=\"http:\/\/familie-frantz.de\/?page_id=205\" class=\"more-link\"><span class=\"screen-reader-text\">\u201eWohnwagen und Campen\u201c<\/span> weiterlesen<\/a><\/p>\n","protected":false},"author":1,"featured_media":0,"parent":0,"menu_order":0,"comment_status":"closed","ping_status":"closed","template":"","meta":[],"_links":{"self":[{"href":"http:\/\/familie-frantz.de\/index.php?rest_route=\/wp\/v2\/pages\/205"}],"collection":[{"href":"http:\/\/familie-frantz.de\/index.php?rest_route=\/wp\/v2\/pages"}],"about":[{"href":"http:\/\/familie-frantz.de\/index.php?rest_route=\/wp\/v2\/types\/page"}],"author":[{"embeddable":true,"href":"http:\/\/familie-frantz.de\/index.php?rest_route=\/wp\/v2\/users\/1"}],"replies":[{"embeddable":true,"href":"http:\/\/familie-frantz.de\/index.php?rest_route=%2Fwp%2Fv2%2Fcomments&post=205"}],"version-history":[{"count":3,"href":"http:\/\/familie-frantz.de\/index.php?rest_route=\/wp\/v2\/pages\/205\/revisions"}],"predecessor-version":[{"id":458,"href":"http:\/\/familie-frantz.de\/index.php?rest_route=\/wp\/v2\/pages\/205\/revisions\/458"}],"wp:attachment":[{"href":"http:\/\/familie-frantz.de\/index.php?rest_route=%2Fwp%2Fv2%2Fmedia&parent=205"}],"curies":[{"name":"wp","href":"https:\/\/api.w.org\/{rel}","templated":true}]}}